{"id":130,"date":"2024-03-29T20:55:59","date_gmt":"2024-03-29T19:55:59","guid":{"rendered":"https:\/\/teleklubb.se\/wordpress\/?page_id=130"},"modified":"2024-04-01T18:46:14","modified_gmt":"2024-04-01T16:46:14","slug":"vill-du-jobba-har-html","status":"publish","type":"page","link":"https:\/\/teleklubb.se\/wordpress\/vill-du-jobba-har-html\/","title":{"rendered":"Vill du jobba h\u00e4r?"},"content":{"rendered":"\t\t<div data-elementor-type=\"wp-page\" data-elementor-id=\"130\" class=\"elementor elementor-130\" data-elementor-post-type=\"page\">\n\t\t\t\t<div class=\"elementor-element elementor-element-463f6ca e-flex e-con-boxed e-con e-parent\" data-id=\"463f6ca\" data-element_type=\"container\" data-e-type=\"container\">\n\t\t\t\t\t<div class=\"e-con-inner\">\n\t\t\t\t<div class=\"elementor-element elementor-element-8afc125 elementor-widget elementor-widget-image\" data-id=\"8afc125\" data-element_type=\"widget\" data-e-type=\"widget\" data-widget_type=\"image.default\">\n\t\t\t\t<div class=\"elementor-widget-container\">\n\t\t\t\t\t\t\t\t\t\t\t\t\t\t\t<img fetchpriority=\"high\" decoding=\"async\" width=\"1417\" height=\"486\" src=\"https:\/\/teleklubb.se\/wordpress\/wp-content\/uploads\/2024\/03\/teleklubb-bild-telefon-logga-3-med-norgenummer.jpg\" class=\"attachment-1536x1536 size-1536x1536 wp-image-289\" alt=\"Teleklubb.se - Sveriges b\u00e4sta telesex\" srcset=\"https:\/\/teleklubb.se\/wordpress\/wp-content\/uploads\/2024\/03\/teleklubb-bild-telefon-logga-3-med-norgenummer.jpg 1417w, https:\/\/teleklubb.se\/wordpress\/wp-content\/uploads\/2024\/03\/teleklubb-bild-telefon-logga-3-med-norgenummer-300x103.jpg 300w, https:\/\/teleklubb.se\/wordpress\/wp-content\/uploads\/2024\/03\/teleklubb-bild-telefon-logga-3-med-norgenummer-1024x351.jpg 1024w, https:\/\/teleklubb.se\/wordpress\/wp-content\/uploads\/2024\/03\/teleklubb-bild-telefon-logga-3-med-norgenummer-768x263.jpg 768w\" sizes=\"(max-width: 1417px) 100vw, 1417px\" \/>\t\t\t\t\t\t\t\t\t\t\t\t\t\t\t<\/div>\n\t\t\t\t<\/div>\n\t\t\t\t\t<\/div>\n\t\t\t\t<\/div>\n\t\t<div class=\"elementor-element elementor-element-90a839b e-flex e-con-boxed e-con e-parent\" data-id=\"90a839b\" data-element_type=\"container\" data-e-type=\"container\">\n\t\t\t\t\t<div class=\"e-con-inner\">\n\t\t\t\t<div class=\"elementor-element elementor-element-dac10cf elementor-nav-menu__align-center elementor-nav-menu--dropdown-tablet elementor-nav-menu__text-align-aside elementor-nav-menu--toggle elementor-nav-menu--burger elementor-widget elementor-widget-nav-menu\" data-id=\"dac10cf\" data-element_type=\"widget\" data-e-type=\"widget\" data-settings=\"{&quot;layout&quot;:&quot;horizontal&quot;,&quot;submenu_icon&quot;:{&quot;value&quot;:&quot;&lt;svg class=\\&quot;e-font-icon-svg e-fas-caret-down\\&quot; viewBox=\\&quot;0 0 320 512\\&quot; xmlns=\\&quot;http:\\\/\\\/www.w3.org\\\/2000\\\/svg\\&quot;&gt;&lt;path d=\\&quot;M31.3 192h257.3c17.8 0 26.7 21.5 14.1 34.1L174.1 354.8c-7.8 7.8-20.5 7.8-28.3 0L17.2 226.1C4.6 213.5 13.5 192 31.3 192z\\&quot;&gt;&lt;\\\/path&gt;&lt;\\\/svg&gt;&quot;,&quot;library&quot;:&quot;fa-solid&quot;},&quot;toggle&quot;:&quot;burger&quot;}\" data-widget_type=\"nav-menu.default\">\n\t\t\t\t<div class=\"elementor-widget-container\">\n\t\t\t\t\t\t\t\t<nav aria-label=\"Meny\" class=\"elementor-nav-menu--main elementor-nav-menu__container elementor-nav-menu--layout-horizontal e--pointer-background e--animation-fade\">\n\t\t\t\t<ul id=\"menu-1-dac10cf\" class=\"elementor-nav-menu\"><li class=\"menu-item menu-item-type-post_type menu-item-object-page menu-item-109\"><a href=\"https:\/\/teleklubb.se\/wordpress\/index-html\/\" class=\"elementor-item\">Startsida<\/a><\/li>\n<li class=\"menu-item menu-item-type-post_type menu-item-object-page menu-item-359\"><a href=\"https:\/\/teleklubb.se\/wordpress\/vara-telefonsex-tjejer-html\/\" class=\"elementor-item\">V\u00e5ra telefonsex tjejer<\/a><\/li>\n<li class=\"menu-item menu-item-type-post_type menu-item-object-page menu-item-122\"><a href=\"https:\/\/teleklubb.se\/wordpress\/betalningsvillkor-html\/\" class=\"elementor-item\">Betalningsvillkor<\/a><\/li>\n<li class=\"menu-item menu-item-type-post_type menu-item-object-page menu-item-132\"><a href=\"https:\/\/teleklubb.se\/wordpress\/vill-du-jobba-har-html\/\" class=\"elementor-item\">Vill du jobba h\u00e4r?<\/a><\/li>\n<li class=\"menu-item menu-item-type-post_type menu-item-object-page menu-item-140\"><a href=\"https:\/\/teleklubb.se\/wordpress\/besokande-fran-norge-html\/\" class=\"elementor-item\">Bes\u00f6kande fr\u00e5n Norge<\/a><\/li>\n<\/ul>\t\t\t<\/nav>\n\t\t\t\t\t<div class=\"elementor-menu-toggle\" role=\"button\" tabindex=\"0\" aria-label=\"Sl\u00e5 p\u00e5\/av meny\" aria-expanded=\"false\">\n\t\t\t<svg aria-hidden=\"true\" role=\"presentation\" class=\"elementor-menu-toggle__icon--open e-font-icon-svg e-eicon-menu-bar\" viewBox=\"0 0 1000 1000\" xmlns=\"http:\/\/www.w3.org\/2000\/svg\"><path d=\"M104 333H896C929 333 958 304 958 271S929 208 896 208H104C71 208 42 237 42 271S71 333 104 333ZM104 583H896C929 583 958 554 958 521S929 458 896 458H104C71 458 42 487 42 521S71 583 104 583ZM104 833H896C929 833 958 804 958 771S929 708 896 708H104C71 708 42 737 42 771S71 833 104 833Z\"><\/path><\/svg><svg aria-hidden=\"true\" role=\"presentation\" class=\"elementor-menu-toggle__icon--close e-font-icon-svg e-eicon-close\" viewBox=\"0 0 1000 1000\" xmlns=\"http:\/\/www.w3.org\/2000\/svg\"><path d=\"M742 167L500 408 258 167C246 154 233 150 217 150 196 150 179 158 167 167 154 179 150 196 150 212 150 229 154 242 171 254L408 500 167 742C138 771 138 800 167 829 196 858 225 858 254 829L496 587 738 829C750 842 767 846 783 846 800 846 817 842 829 829 842 817 846 804 846 783 846 767 842 750 829 737L588 500 833 258C863 229 863 200 833 171 804 137 775 137 742 167Z\"><\/path><\/svg>\t\t\t<span class=\"elementor-screen-only\">Meny<\/span>\n\t\t<\/div>\n\t\t\t\t\t<nav class=\"elementor-nav-menu--dropdown elementor-nav-menu__container\" aria-hidden=\"true\">\n\t\t\t\t<ul id=\"menu-2-dac10cf\" class=\"elementor-nav-menu\"><li class=\"menu-item menu-item-type-post_type menu-item-object-page menu-item-109\"><a href=\"https:\/\/teleklubb.se\/wordpress\/index-html\/\" class=\"elementor-item\" tabindex=\"-1\">Startsida<\/a><\/li>\n<li class=\"menu-item menu-item-type-post_type menu-item-object-page menu-item-359\"><a href=\"https:\/\/teleklubb.se\/wordpress\/vara-telefonsex-tjejer-html\/\" class=\"elementor-item\" tabindex=\"-1\">V\u00e5ra telefonsex tjejer<\/a><\/li>\n<li class=\"menu-item menu-item-type-post_type menu-item-object-page menu-item-122\"><a href=\"https:\/\/teleklubb.se\/wordpress\/betalningsvillkor-html\/\" class=\"elementor-item\" tabindex=\"-1\">Betalningsvillkor<\/a><\/li>\n<li class=\"menu-item menu-item-type-post_type menu-item-object-page menu-item-132\"><a href=\"https:\/\/teleklubb.se\/wordpress\/vill-du-jobba-har-html\/\" class=\"elementor-item\" tabindex=\"-1\">Vill du jobba h\u00e4r?<\/a><\/li>\n<li class=\"menu-item menu-item-type-post_type menu-item-object-page menu-item-140\"><a href=\"https:\/\/teleklubb.se\/wordpress\/besokande-fran-norge-html\/\" class=\"elementor-item\" tabindex=\"-1\">Bes\u00f6kande fr\u00e5n Norge<\/a><\/li>\n<\/ul>\t\t\t<\/nav>\n\t\t\t\t\t\t<\/div>\n\t\t\t\t<\/div>\n\t\t\t\t\t<\/div>\n\t\t\t\t<\/div>\n\t\t<div class=\"elementor-element elementor-element-8eaa6c3 e-flex e-con-boxed e-con e-parent\" data-id=\"8eaa6c3\" data-element_type=\"container\" data-e-type=\"container\">\n\t\t\t\t\t<div class=\"e-con-inner\">\n\t\t\t\t<div class=\"elementor-element elementor-element-0b3b7b2 elementor-widget elementor-widget-text-editor\" data-id=\"0b3b7b2\" data-element_type=\"widget\" data-e-type=\"widget\" data-widget_type=\"text-editor.default\">\n\t\t\t\t<div class=\"elementor-widget-container\">\n\t\t\t\t\t\t\t\t\t<h1 id=\"u565-2\"><strong>Vill du jobba h\u00e4r p\u00e5 teleklubb.se?<\/strong><\/h1>\t\t\t\t\t\t\t\t<\/div>\n\t\t\t\t<\/div>\n\t\t\t\t\t<\/div>\n\t\t\t\t<\/div>\n\t\t<div class=\"elementor-element elementor-element-19fb34f e-flex e-con-boxed e-con e-parent\" data-id=\"19fb34f\" data-element_type=\"container\" data-e-type=\"container\">\n\t\t\t\t\t<div class=\"e-con-inner\">\n\t\t\t\t<div class=\"elementor-element elementor-element-b49ba89 elementor-widget elementor-widget-text-editor\" data-id=\"b49ba89\" data-element_type=\"widget\" data-e-type=\"widget\" data-widget_type=\"text-editor.default\">\n\t\t\t\t<div class=\"elementor-widget-container\">\n\t\t\t\t\t\t\t\t\t<h5 id=\"u565-5\">Sp\u00e4nnande extraarbete med flexibel arbetstid!<\/h5><h5 id=\"u565-8\">F\u00f6r arbete hemifr\u00e5n s\u00f6ker vi Dig pratglada tjej\/kvinna f\u00f6r arbete p\u00e5 telefonlinje.<\/h5><h5 id=\"u565-11\">Du skall ha l\u00e4tt att ta folk och inte vara l\u00e4ttchockerad och ha bred allm\u00e4nbildning.<\/h5><h5 id=\"u565-14\">Du \u00e4r minst 18 \u00e5r och har en ansvarstagande personlighet.<\/h5><h5 id=\"u565-15\">\u00a0<\/h5><h5 id=\"u565-18\">\u00c4r du en pigg, glad tjej som gillar att prata i telefon?<\/h5><h5 id=\"u565-21\">Fyll i formul\u00e4ret och skicka, s\u00e5 kontaktar vi dig.<\/h5><h5 id=\"u565-25\">F\u00f6rsta kontakten sker alltid via e-post, och g\u00e5r vi vidare blir det ett bokat samtal med v\u00e5r kvinnliga personalansvarig. <br \/>Under detta samtal ber\u00e4ttar hon utf\u00f6rligt om hur vi arbetar, och du f\u00e5r m\u00f6jlighet att ber\u00e4tta mer om dig sj\u00e4lv.<\/h5><h5>\u00a0<\/h5>\t\t\t\t\t\t\t\t<\/div>\n\t\t\t\t<\/div>\n\t\t\t\t\t<\/div>\n\t\t\t\t<\/div>\n\t\t<div class=\"elementor-element elementor-element-bd07a5e e-grid e-con-boxed e-con e-parent\" data-id=\"bd07a5e\" data-element_type=\"container\" data-e-type=\"container\">\n\t\t\t\t\t<div class=\"e-con-inner\">\n\t\t\t\t<div class=\"elementor-element elementor-element-95e4569 elementor-button-align-stretch elementor-widget elementor-widget-form\" data-id=\"95e4569\" data-element_type=\"widget\" data-e-type=\"widget\" data-settings=\"{&quot;step_next_label&quot;:&quot;Next&quot;,&quot;step_previous_label&quot;:&quot;Previous&quot;,&quot;button_width&quot;:&quot;100&quot;,&quot;step_type&quot;:&quot;number_text&quot;,&quot;step_icon_shape&quot;:&quot;circle&quot;}\" data-widget_type=\"form.default\">\n\t\t\t\t<div class=\"elementor-widget-container\">\n\t\t\t\t\t\t\t<form class=\"elementor-form\" method=\"post\" name=\"New Form\">\n\t\t\t<input type=\"hidden\" name=\"post_id\" value=\"130\"\/>\n\t\t\t<input type=\"hidden\" name=\"form_id\" value=\"95e4569\"\/>\n\t\t\t<input type=\"hidden\" name=\"referer_title\" value=\"Vill du jobba h\u00e4r?\" \/>\n\n\t\t\t\t\t\t\t<input type=\"hidden\" name=\"queried_id\" value=\"130\"\/>\n\t\t\t\n\t\t\t<div class=\"elementor-form-fields-wrapper elementor-labels-above\">\n\t\t\t\t\t\t\t\t<div class=\"elementor-field-type-text elementor-field-group elementor-column elementor-field-group-field_991beaf elementor-col-100 elementor-field-required\">\n\t\t\t\t\t\t\t\t\t\t\t\t<label for=\"form-field-field_991beaf\" class=\"elementor-field-label\">\n\t\t\t\t\t\t\t\tNamn:\t\t\t\t\t\t\t<\/label>\n\t\t\t\t\t\t\t\t\t\t\t\t\t\t<input size=\"1\" type=\"text\" name=\"form_fields[field_991beaf]\" id=\"form-field-field_991beaf\" class=\"elementor-field elementor-size-sm  elementor-field-textual\" placeholder=\"Ange ditt namn\" required=\"required\" aria-required=\"true\">\n\t\t\t\t\t\t\t\t\t\t\t<\/div>\n\t\t\t\t\t\t\t\t<div class=\"elementor-field-type-email elementor-field-group elementor-column elementor-field-group-email elementor-col-100 elementor-field-required\">\n\t\t\t\t\t\t\t\t\t\t\t\t<label for=\"form-field-email\" class=\"elementor-field-label\">\n\t\t\t\t\t\t\t\tE-post:\t\t\t\t\t\t\t<\/label>\n\t\t\t\t\t\t\t\t\t\t\t\t\t\t<input size=\"1\" type=\"email\" name=\"form_fields[email]\" id=\"form-field-email\" class=\"elementor-field elementor-size-sm  elementor-field-textual\" placeholder=\"Ange din email h\u00e4r\" required=\"required\" aria-required=\"true\">\n\t\t\t\t\t\t\t\t\t\t\t<\/div>\n\t\t\t\t\t\t\t\t<div class=\"elementor-field-type-text elementor-field-group elementor-column elementor-field-group-field_36e41fd elementor-col-100\">\n\t\t\t\t\t\t\t\t\t\t\t\t<label for=\"form-field-field_36e41fd\" class=\"elementor-field-label\">\n\t\t\t\t\t\t\t\tTelefonnummer:\t\t\t\t\t\t\t<\/label>\n\t\t\t\t\t\t\t\t\t\t\t\t\t\t<input size=\"1\" type=\"text\" name=\"form_fields[field_36e41fd]\" id=\"form-field-field_36e41fd\" class=\"elementor-field elementor-size-sm  elementor-field-textual\" placeholder=\"Ange ditt telefonnummer h\u00e4r\">\n\t\t\t\t\t\t\t\t\t\t\t<\/div>\n\t\t\t\t\t\t\t\t<div class=\"elementor-field-type-text elementor-field-group elementor-column elementor-field-group-field_e381cc9 elementor-col-100\">\n\t\t\t\t\t\t\t\t\t\t\t\t<label for=\"form-field-field_e381cc9\" class=\"elementor-field-label\">\n\t\t\t\t\t\t\t\t\u00c5lder:\t\t\t\t\t\t\t<\/label>\n\t\t\t\t\t\t\t\t\t\t\t\t\t\t<input size=\"1\" type=\"text\" name=\"form_fields[field_e381cc9]\" id=\"form-field-field_e381cc9\" class=\"elementor-field elementor-size-sm  elementor-field-textual\" placeholder=\"Ange din \u00e5lder\">\n\t\t\t\t\t\t\t\t\t\t\t<\/div>\n\t\t\t\t\t\t\t\t<div class=\"elementor-field-type-textarea elementor-field-group elementor-column elementor-field-group-message elementor-col-100 elementor-field-required\">\n\t\t\t\t\t\t\t\t\t\t\t\t<label for=\"form-field-message\" class=\"elementor-field-label\">\n\t\t\t\t\t\t\t\tMeddelande:\t\t\t\t\t\t\t<\/label>\n\t\t\t\t\t\t<textarea class=\"elementor-field-textual elementor-field  elementor-size-sm\" name=\"form_fields[message]\" id=\"form-field-message\" rows=\"4\" placeholder=\"Ange \u00e4rende\" required=\"required\" aria-required=\"true\"><\/textarea>\t\t\t\t<\/div>\n\t\t\t\t\t\t\t\t<div class=\"elementor-field-group elementor-column elementor-field-type-submit elementor-col-100 e-form__buttons\">\n\t\t\t\t\t<button class=\"elementor-button elementor-size-sm\" type=\"submit\">\n\t\t\t\t\t\t<span class=\"elementor-button-content-wrapper\">\n\t\t\t\t\t\t\t\t\t\t\t\t\t\t\t\t\t\t\t\t\t\t<span class=\"elementor-button-text\">Send<\/span>\n\t\t\t\t\t\t\t\t\t\t\t\t\t<\/span>\n\t\t\t\t\t<\/button>\n\t\t\t\t<\/div>\n\t\t\t<\/div>\n\t\t<\/form>\n\t\t\t\t\t\t<\/div>\n\t\t\t\t<\/div>\n\t\t\t\t<div class=\"elementor-element elementor-element-0be2105 elementor-widget elementor-widget-image\" data-id=\"0be2105\" data-element_type=\"widget\" data-e-type=\"widget\" data-widget_type=\"image.default\">\n\t\t\t\t<div class=\"elementor-widget-container\">\n\t\t\t\t\t\t\t\t\t\t\t\t\t\t\t<img decoding=\"async\" width=\"768\" height=\"576\" src=\"https:\/\/teleklubb.se\/wordpress\/wp-content\/uploads\/2024\/03\/red12-800x600-1-768x576.jpg\" class=\"attachment-medium_large size-medium_large wp-image-282\" alt=\"\" srcset=\"https:\/\/teleklubb.se\/wordpress\/wp-content\/uploads\/2024\/03\/red12-800x600-1-768x576.jpg 768w, https:\/\/teleklubb.se\/wordpress\/wp-content\/uploads\/2024\/03\/red12-800x600-1-300x225.jpg 300w, https:\/\/teleklubb.se\/wordpress\/wp-content\/uploads\/2024\/03\/red12-800x600-1.jpg 800w\" sizes=\"(max-width: 768px) 100vw, 768px\" \/>\t\t\t\t\t\t\t\t\t\t\t\t\t\t\t<\/div>\n\t\t\t\t<\/div>\n\t\t\t\t\t<\/div>\n\t\t\t\t<\/div>\n\t\t<div class=\"elementor-element elementor-element-ff7e1d4 e-flex e-con-boxed e-con e-parent\" data-id=\"ff7e1d4\" data-element_type=\"container\" data-e-type=\"container\">\n\t\t\t\t\t<div class=\"e-con-inner\">\n\t\t\t\t<div class=\"elementor-element elementor-element-4ab8f78 elementor-widget elementor-widget-text-editor\" data-id=\"4ab8f78\" data-element_type=\"widget\" data-e-type=\"widget\" data-widget_type=\"text-editor.default\">\n\t\t\t\t<div class=\"elementor-widget-container\">\n\t\t\t\t\t\t\t\t\t<h6>Alla medverkande \u00e4r 18 \u00e5r, \u00a9 teleklubb.se, all rights reserved.<br \/>NGAB, box 1308, 25112 HBG.<\/h6>\t\t\t\t\t\t\t\t<\/div>\n\t\t\t\t<\/div>\n\t\t\t\t\t<\/div>\n\t\t\t\t<\/div>\n\t\t\t\t<\/div>\n\t\t","protected":false},"excerpt":{"rendered":"<p>Vill du jobba h\u00e4r p\u00e5 teleklubb.se? Sp\u00e4nnande extraarbete med flexibel arbetstid! F\u00f6r arbete hemifr\u00e5n s\u00f6ker vi Dig pratglada tjej\/kvinna f\u00f6r arbete p\u00e5 telefonlinje. Du skall ha l\u00e4tt att ta folk och inte vara l\u00e4ttchockerad och ha bred allm\u00e4nbildning. Du \u00e4r minst 18 \u00e5r och har en ansvarstagande personlighet. \u00a0 \u00c4r du en pigg, glad tjej [&hellip;]<\/p>\n","protected":false},"author":1,"featured_media":0,"parent":0,"menu_order":0,"comment_status":"closed","ping_status":"closed","template":"","meta":{"footnotes":""},"class_list":["post-130","page","type-page","status-publish","hentry"],"_links":{"self":[{"href":"https:\/\/teleklubb.se\/wordpress\/wp-json\/wp\/v2\/pages\/130","targetHints":{"allow":["GET"]}}],"collection":[{"href":"https:\/\/teleklubb.se\/wordpress\/wp-json\/wp\/v2\/pages"}],"about":[{"href":"https:\/\/teleklubb.se\/wordpress\/wp-json\/wp\/v2\/types\/page"}],"author":[{"embeddable":true,"href":"https:\/\/teleklubb.se\/wordpress\/wp-json\/wp\/v2\/users\/1"}],"replies":[{"embeddable":true,"href":"https:\/\/teleklubb.se\/wordpress\/wp-json\/wp\/v2\/comments?post=130"}],"version-history":[{"count":41,"href":"https:\/\/teleklubb.se\/wordpress\/wp-json\/wp\/v2\/pages\/130\/revisions"}],"predecessor-version":[{"id":526,"href":"https:\/\/teleklubb.se\/wordpress\/wp-json\/wp\/v2\/pages\/130\/revisions\/526"}],"wp:attachment":[{"href":"https:\/\/teleklubb.se\/wordpress\/wp-json\/wp\/v2\/media?parent=130"}],"curies":[{"name":"wp","href":"https:\/\/api.w.org\/{rel}","templated":true}]}}